
Suppose -4*o + 120 + 18 = -142. Calculate the greatest common divisor of 5530 and o.
70
Suppose -1102 = -7*h + 697. Calculate the greatest common factor of 1 and h.
1
Let p be (4 - 5)/(3/117). Let z = -37 - p. Let n be 27*(4*z/24 + 0). What is the highest common divisor of n and 15?
3
Suppose b + i - 88 = 0, -3*b - i + 289 = 33. Suppose -16*v + 6*v = -340. Suppose v*w - 38*w = -48. Calculate the highest common factor of b and w.
12
Let c be (1932/(-35))/(-2 - (-912)/460). Suppose -392*x + c = -386*x. What is the greatest common divisor of 23 and x?
23
Let u = 2407 + -2388. Let y be (-7)/(3/(57/(-1))). What is the highest common factor of u and y?
19
Let q(p) = p**3 + 25*p**2 + 10*p + 164. Let y be q(-23). Calculate the greatest common divisor of 288 and y.
32
Let k be 126/15 - (65/(-25) + 3). Suppose -31*h = -k*h - 92. Calculate the highest common divisor of 128 and h.
4
Let i(o) = -o**3 + 71*o**2 - 139*o + 121. Let h be i(69). What is the highest common factor of 2379 and h?
13
Let a(j) = -2767*j - 16279. Let w be a(-6). What is the highest common divisor of w and 561?
17
Let h = 585 + -579. Let v(s) = -s**2 - s + 56. Let j be v(h). Suppose 6*y = 3*y - 3*b + 48, 2*y - b = 26. Calculate the greatest common divisor of y and j.
14
Let s(b) = 6564*b - 3063. Let m be s(5). Calculate the greatest common factor of m and 273.
273
Let h be 0 + (1/4 - 21/84). Suppose u - 7*u + 102 = h. What is the greatest common factor of u and 17?
17
Let d = -153 + 162. Let g(q) = q**3 - 7*q**2 - 9*q - 5. Let b be g(d). What is the greatest common divisor of 304 and b?
76
Let b(f) = 1941*f + 459. Let w be b(3). Calculate the highest common divisor of w and 36.
18
Let u be 4 + 3/6*-4. Suppose -4*b - u*w = -96, -4*b = -0*w + w - 98. Suppose -5*l + b = m - 2*m, 2*m = 0. What is the greatest common factor of 20 and l?
5
Suppose 16 = -i + r + 38, 0 = 2*i + 3*r - 74. Suppose 0 = 6*n - 2*n - 3248. What is the greatest common divisor of n and i?
28
Let c(q) = -481 + 525 + 18*q + 31*q. Let f be c(7). Calculate the greatest common divisor of 86 and f.
43
Suppose 0*i = -3*i - 6, -2*z + 14 = -5*i. Suppose -z*b + b + 27 = 0. Let m = 164 - 2. What is the greatest common divisor of b and m?
27
Let g be (-206)/2884 + (-43597)/(-14). What is the highest common factor of 198 and g?
18
Let u be -2 + (223 - (1 + 4)). Let s be 1 + (12 - (-17 + 14)). Calculate the greatest common factor of u and s.
8
Let y(i) = 233*i**3 - 23*i**2 + 39*i + 12. Let v be y(2). What is the highest common factor of v and 588?
98
Suppose -44*x - 15*x = -1652. Suppose 9 = -2*i - 2*s + 31, -4*i + 4*s + x = 0. Let q be ((-90)/(-4))/5*26. What is the greatest common factor of q and i?
9
Let r = -421 - -522. Suppose 12*g - r - 139 = 0. Calculate the greatest common divisor of 16 and g.
4
Let w = 541 + -881. Let l = 535 + w. Calculate the greatest common divisor of l and 130.
65
Let l be -15*5/(-75)*(-1 + -1) - -97. Let b(d) = 10*d**2 - d - 8. Let k be b(7). What is the highest common factor of k and l?
95
Let c be (2*(-51)/(-8) + (-915)/(-732))*24. What is the greatest common divisor of c and 128?
16
Let x(h) = 23*h**2 - 149*h - 66. Let t be x(-11). Calculate the greatest common factor of 126 and t.
18
Let k be 3 + -2 - -4*6. Suppose 2*n - 46 = 27*t, -2*n - 2*t + 152 = 48. What is the greatest common divisor of n and k?
25
Let o(h) = h**3 - 28*h**2 - 22*h - 153. Let q be o(29). Let l = 100 + q. What is the highest common divisor of 60 and l?
30
Suppose -13*m - 5*q + 10035 = -10*m, -q - 3 = 0. Calculate the greatest common divisor of m and 200.
50
Suppose 3*o + 5*i - 33 = 0, -3*o + i - 4*i + 21 = 0. What is the highest common divisor of 137 and o?
1
Suppose 3*g - 5*h = 194, -12*h + 13*h = -4. Calculate the greatest common divisor of g and 522.
58
Let k = -10291 - -11891. Calculate the greatest common divisor of k and 270.
10
Suppose 16 = -4*f, -2*i - 4*f - 15 = -1099. Calculate the greatest common divisor of 22825 and i.
275
Let a = 89 + 807. Suppose -71*g + 52584 = 815*g + 53*g. Calculate the greatest common divisor of g and a.
56
Let r = 59 + -33. Suppose -4*n + 2*u = -40, -185*n = -180*n + u - 64. What is the greatest common divisor of r and n?
2
Suppose 2*u = -3*k + 82, u - 30 = -7*k + 11*k. Suppose -7*r + 52 - u = 0. Calculate the greatest common factor of r and 18.
2
Let x be 12*(2 + -1)*2/6. Suppose -2*n = -x*r - 20, 0*r - 50 = -5*n - r. Suppose -n*z - 982 + 3462 = 0. Calculate the highest common divisor of 31 and z.
31
Let o = -3866 + 3881. Calculate the greatest common divisor of 1605 and o.
15
Let n(i) = -6*i**3 - 148*i**2 - 95*i + 30. Let y be n(-24). Let d = 141 - 84. What is the greatest common divisor of y and d?
3
Suppose -30*v - 3*n + 241 = -29*v, -494 = -2*v - 2*n. What is the highest common factor of v and 80?
10
Let m(t) = 3*t**2 - 12*t - 2. Let n be m(5). Calculate the highest common divisor of 4927 and n.
13
Let i(l) = -l**2 - l + 66. Let w be i(7). Let q be ((-20)/(-12))/(w/132). Calculate the highest common divisor of q and 110.
22
Let o be 198/8*-2*(-8)/6. Let y = o - 40. Calculate the greatest common factor of y and 52.
26
Suppose 85*q + 39219 = 173*q - 6277. What is the greatest common factor of q and 188?
47
Let p = -376 - -383. Let v(w) = 27*w - 187. Let o be v(p). Let x(j) = j**3 + 7*j**2 - 12*j - 10. Let d be x(-8). Calculate the highest common factor of d and o.
2
Let l be 27*50/30 + -13. What is the greatest common factor of l and 2696?
8
Let u be (-12)/(-3) - (-5 - (-7 - 40/(-10))). Calculate the highest common divisor of 206 and u.
2
Let n be 3*(-4)/6*(-1 - (-18 - -31)). Suppose 0 = -3*j - 3*c + 1107, -2*j + 3*c + 748 = 7*c. What is the highest common factor of j and n?
28
Suppose 96 = -17*y + 23*y. What is the greatest common factor of 2456 and y?
8
Let i(c) = 7*c**3 + c + 2. Let t be i(-1). Let b be 1 - (-5 + (-4)/(-1) - -4). Let h be (t/(-12))/(b/(-120)). What is the greatest common divisor of 30 and h?
30
Suppose t + 9 = -2*q + 219, -619 = -3*t + 5*q. Suppose -3*v - 2*v + 80 = 0. Calculate the highest common factor of v and t.
16
Let m be (33*2/12)/(4/232). Suppose -23*y + m = -3. What is the highest common factor of y and 56?
14
Let o = -10253 - -10445. What is the greatest common divisor of 3576 and o?
24
Suppose 5 - 14 = s. Let i be (-10)/(-4)*(7/(-1) - s). Suppose -i*t = 2*a - 8 - 78, 5*a - 79 = -4*t. What is the greatest common divisor of 4 and t?
4
Let f(u) = 18*u - 576. Let h be f(36). Calculate the highest common divisor of h and 3060.
36
Suppose 242*q = 101*q - 2352 + 130662. Calculate the highest common factor of q and 650.
130
Let k be (-4)/30 + (-24)/(-180). Suppose 4*b - 164 = -6*m + 2*m, k = b - 3*m - 61. What is the highest common divisor of 46 and b?
46
Suppose 4*i = 3*a + 68, 3*i + 13 - 43 = -3*a. Let y(q) = 2*q**2 - 14*q + 21. Let o be y(i). Calculate the highest common divisor of o and 7.
7
Let v(u) = 9*u**2 - 4*u - 21 - 7*u**2 + u. Let r be v(5). Suppose -3*a + 346 = -2*w, 0 = -a - 4*w + 3 + 89. What is the greatest common divisor of r and a?
14
Let p = 47 + -45. Suppose h - 3 = -2*x, -4*h - 6 = 4*x + p. Let z be (-1 + h)/(8 - (-54)/(-6)). Calculate the greatest common factor of z and 6.
2
Suppose 2*i = i + 3. Suppose w + i = n, -2*w + 0*w = -5*n + 12. Suppose -c = -5, 4*l - 17*c - 66 = -19*c. What is the highest common divisor of n and l?
2
Let n be 3/(-4) - (-3046)/8. Suppose 4*q - n - 440 = 0. Suppose 0 = -9*f + q + 110. Calculate the greatest common divisor of 10 and f.
5
Let i = 72 - 9. Let o = i - 55. Suppose 36 = o*h - 4*h. Calculate the greatest common factor of h and 9.
9
Suppose 12*s = 8*s + 28. Suppose -100 = -12*w + 68. Calculate the highest common factor of w and s.
7
Let c be (-3 + 1)/(-3 - (-385)/133). Suppose -c*n + 112 = -3*n. Suppose 0 = -n*t + 24 + 417. Calculate the highest common divisor of 27 and t.
9
Let h = -2862 - -3547. What is the highest common factor of h and 25?
5
Let v be ((-936)/14)/((-4)/42). Let a = -485 + v. Suppose -o + n = -23, 0 = -23*o + 20*o - 72*n + 669. Calculate the highest common divisor of o and a.
31
Let c be (-25917)/(-318) + 2/4*-1. Suppose 4*q = c + 223. What is the highest common divisor of 190 and q?
38
Let q = 49 - -15. Let d be (-8)/7*1253/(-358). Calculate the highest common divisor of q and d.
4
Let 